. Suppose -408 - 1504 = -5*u - d*y, 0 = -3*u - y + 1147. What is the tens digit of u?
8
Let w be 3*(3 - (-15)/(-9)). Let k be (396/24)/(3/w). Let d = -14 + k. What is the units digit of d?
8
Let i be (-88)/(-3)*(28/(-8) + 2). Let z = i - -48. Suppose 2*t = -5*m + 71, -2*t = -m - z*t + 11. What is the units digit of m?
5
Suppose 271735 + 423539 = 71*m + 33767. What is the hundreds digit of m?
3
Let o = 68124 + -37677. What is the hundreds digit of o?
4
Suppose -f - m + 4 = -2, f - 6 = -5*m. Let a be (-1 + (-15)/f)*20/(-35). What is the tens digit of (a/6)/(5/615)?
4
Let b = 441 + -441. Suppose 8*p - 3*p - 107 = -d, b = -d + 2*p + 72. What is the units digit of d?
2
Let m = -20306 - -31754. Suppose 10*j - m = -14*j. What is the units digit of j?
7
Let s = 130 + -128. Suppose -s*i + i + 1773 = 3*l, 1791 = 3*l - 5*i. What is the hundreds digit of l?
5
Let i(l) = 619*l**2 - 733*l + 2193. What is the tens digit of i(3)?
6
Suppose 113*h - 185939 - 167412 = 0. What is the tens digit of h?
2
Suppose 7*m - 200 = 2*m. Let i = 3809 + -3783. Let n = i + m. What is the units digit of n?
6
Let s(f) = f**3 + 24*f**2 + 24*f - 421. What is the tens digit of s(-22)?
1
What is the hundreds digit of (8/24)/((-21)/(-135009))?
1
Let c = 146 - 154. Let v(n) = -29*n + 6. What is the units digit of v(c)?
8
Let d(z) = 57 + 83*z + 16*z - 42. What is the units digit of d(4)?
1
Let q = -825 + 3088. What is the hundreds digit of q?
2
Suppose -5*n + 5 = 0, 5*n + 50709 = 14*o - 12*o. What is the thousands digit of o?
5
Let j = 28880 - 17935. What is the ten thousands digit of j?
1
Suppose 28 = -r - 167. Let x be (-13)/(r/(-54)) + 4/(-10). What is the units digit of 36 + 6 + -2 + x?
6
Let o = -3460 + 3465. Let f = 27 - -7. Suppose -f - 155 = -5*m + 3*s, -4*m + 166 = o*s. What is the tens digit of m?
3
Let l = 62238 - 40248. What is the thousands digit of l?
1
Suppose -28*z = -40*z - 36. What is the tens digit of 60 + z - (0 - -6)?
5
Let i(n) = 28*n**2 - 10*n + 2. Let c be i(11). Suppose 1504 + c = 16*t. What is the tens digit of t?
9
Suppose 0 = 4*z - 6*r + r - 51, 30 = 5*z + 5*r. Suppose 0 = s - z. Suppose 3*f = -u - 9, 3*u - 4 - s = -f. What is the units digit of u?
6
Let r = -376 - -6881. What is the units digit of r?
5
Suppose 0 = 190*k - 184*k - 4386. Suppose -6*b = 11*b - k. What is the units digit of b?
3
Let i(s) = -s**2 + 84*s + 2. Let f be i(0). Let j be 4/(-14) + 23/7. Suppose -f*w - 42 = -2*o - 0*w, -w - 55 = -j*o. What is the units digit of o?
7
Let f(m) = 15*m**2 - 71*m - 303. What is the units digit of f(-34)?
1
What is the units digit of (-2 - 4022)/((-48)/96)?
8
Suppose -4*h + 109 + 47 = -2*l, 5*h = 0. Let g be (64/48)/((-152)/l - 2). Let w = g - -63. What is the units digit of w?
7
Let y(m) be the second derivative of -28*m**3 - 22*m**2 - m + 18. What is the hundreds digit of y(-6)?
9
Let a(v) = -v**3 + 73*v**2 + 229*v - 94. What is the ten thousands digit of a(74)?
1
Let o(g) = -g - 3. Let m be o(-7). Suppose 90*t - 1708 = -4*n + 95*t, -2*n + 856 = -2*t. Suppose 4*b = m*c - n, c - b = -2*c + 314. What is the tens digit of c?
0
Let w(h) = 91*h**2 + 76*h - 466. What is the tens digit of w(13)?
0
What is the hundreds digit of (277587/1035)/(58/55 + -1)?
9
Let f = 429 - -261. Suppose -4*l = 2*z - 2020 + f, -3*l = -2*z + 1302. What is the tens digit of z?
5
Let i(p) = -p**2 + 16*p + 19. Let w(c) = 5*c**2 - 8*c + 12. Let f be w(4). Suppose k - f = -4*k. What is the tens digit of i(k)?
6
Suppose 4*m - 4*n - 460 = 0, 0 = -m + 6*n - n + 135. Suppose -q = -4*o - 14, 2*o = -5*q + q - 16. What is the units digit of 9040/m - q/(-11)?
2
Suppose 4*t - 2*t = 5*b - 229, 4*t = -4*b + 172. Suppose b*y + 21 = 48*y. Let w(q) = q**3 - 6*q**2 + 5*q + 4. What is the units digit of w(y)?
8
Let w(c) = c**2 + 23*c - 41. Suppose 5*l - 23 = -p - 6, -4*l - 34 = -2*p. What is the tens digit of w(p)?
3
Let u be ((-10)/6)/(-8 + 172/24). Let p be ((-15)/u)/(2 + (-11)/4). Suppose p*d + 300 = 2720. What is the tens digit of d?
4
Let a = -74698 - -106984. What is the hundreds digit of a?
2
Suppose 0 = 4*m - 53427 - 118905 - 72872. What is the hundreds digit of m?
3
What is the ten thousands digit of (38022/8 + (6 - 5)*5)*4?
1
Suppose -35*b - 3465 = -20*b. Let j = 16 - b. What is the tens digit of j?
4
Let o(c) = 171*c**2 - 4. Let d be (-2)/(6/2 + -4). What is the units digit of o(d)?
0
Let l(j) = -j**3 + 6. Let y be l(0). Let o be (-96 - -1) + (8 - y). Let s = -14 - o. What is the units digit of s?
9
Suppose -13*l - u - 44 = -10*l, -5*u = -3*l - 50. Suppose 38 + 72 = 2*h - 3*j, 10 = -5*j. Let d = h - l. What is the units digit of d?
7
Suppose 2*n + 5919 = v, 101*n - 29559 = -5*v + 105*n. What is the units digit of v?
7
Let y(x) = -1697*x + 12. Let o be y(2). Let w = -2362 - o. What is the units digit of w?
0
Let k(g) = 3*g**2 - 62*g + 40. Let b be k(21). Suppose -b*a + 21540 = -31*a. What is the tens digit of a?
1
Suppose -5*y - 63070 = -5*a, 31*a + 4*y - 37828 = 28*a. What is the units digit of a?
2
Let v = 32 + -21. Suppose 3*u - 2*j = 63, 5*j = 2*u - 31 - v. Let g(q) = q - 15. What is the units digit of g(u)?
6
Suppose -10*z - 50952 = -5*k - 6*z, 5*k = -2*z + 50934. What is the tens digit of k?
8
Let r = 588 + 156. What is the tens digit of (0/3 - -4) + (r - 2)?
4
Let n = -26 + 31. Let o(t) = t**2 - 8*t + 15. Let g be o(n). Suppose g = 5*l + p - 564, -3*p + 77 - 306 = -2*l. What is the hundreds digit of l?
1
Let h(m) = 13*m. Let l be h(2). Let y = 5023 + -5036. What is the tens digit of y/l + 526/4 + 1?
3
Let h(c) = -3*c**3 - 7*c**2 + 26*c - 26. What is the hundreds digit of h(-15)?
1
Suppose 111205 = -16*k + 12*k + 27*k. What is the units digit of k?
5
Let s = -70795 - -134198. What is the units digit of s?
3
Let v = 31 + -4. Suppose -v*b = -29*b + 54. What is the units digit of (-214)/(-10) + b/45?
2
Let f = 2108 + 906. What is the units digit of f?
4
Let h(q) = -263*q**2 - q - 1. Let c be h(-1). Let r(p) = 2*p**2 - 14*p - 53. Let v be r(-14). Let f = v + c. What is the units digit of f?
2
Let a(j) = -13*j**2 + 7*j - 23. Let p(d) = -13*d**2 + 6*d - 23. Let u(w) = 4*a(w) - 5*p(w). What is the hundreds digit of u(7)?
6
Let a(y) = y**2 + 7*y - 11. Let w be a(-8). Let k be (w/12 - 2)*-12. Suppose 188 = 5*s - k. What is the units digit of s?
3
Let l(s) = 105*s**2 - 129*s - 2703. What is the units digit of l(-16)?
1
What is the thousands digit of (4340/56)/(5/3178)?
9
Let w(g) be the third derivative of g**4/8 - 11*g**3/3 + 5*g**2. Let z be w(7). What is the tens digit of 80 + 1 + 5 + z?
8
Let y be 32/(-144) - (1 + 47/(-9)). Suppose y*u = -3*f - 110 - 94, -3*u - 3*f - 156 = 0. Let r = u - -137. What is the units digit of r?
9
Let p = 2 + -15. Let j(z) be the third derivative of -z**4/3 + 35*z**3/6 + z**2 + 2951. What is the units digit of j(p)?
9
Let w = 45 + -42. Suppose 0 = w*j - 2*j - 4*b - 20, 20 = 4*j - b. Suppose 0 = j*o - 31 - 1. What is the units digit of o?
8
Suppose 2*h - 16 = -4*g, 0*g - 5*g + 25 = 5*h. What is the tens digit of (287/3 + 2)*(g + 0)?
9
Let p(d) = 4*d**2 + 4. Let a be p(3). Let l be a/60*(-570)/(-4). Suppose 9*k + l = 10*k. What is the tens digit of k?
9
Let a be ((-6)/4)/((-154216)/(-22032) - 7). Let p = a - 2844. What is the thousands digit of p?
1
Suppose 3*t - 2*x - 47 - 30 = 0, 5*x - 64 = -2*t. Suppose 0 = -t*u + 8580 - 291. What is the tens digit of u?
0
Suppose -4*o - 8*t = -4*t - 2584, 4*t = 4*o - 2600. Suppose 3*u - 1860 = o. What is the units digit of u?
6
Let o = -35 + 53. What is the units digit of (-4)/(-12) - (-7338)/o?
8
Let s(r) = 74*r - 140. Suppose -10*g = -204 + 84. What is the tens digit of s(g)?
4
Let o be 21/((-14)/2) - 97. What is the hundreds digit of (o/(-8))/(3/90)?
3
Let j(x) = -5*x - 88. Let w be j(-17). What is the tens digit of 6671/(2 - -5) - w?
5
Suppose -27*f + 15*f = -60708. What is the thousands digit of f?
5
Suppose -118 = -4*q - 134. What is the thousands digit of (q/(16/3038))/((-42)/84)?
1
Let d be 0 - (-14 - -9) - (-10)/2. Suppose 100 = d*o - 3090. What is the units digit of o?
9
Let t(k) = 1456*k**2 - k - 2. Let r be t(-1). Suppose -7*l + 582 + r = 0. What is the tens digit of l?
9
Let o be (-16)/(-5) - 2/10. Let y = 303 - 286. Suppose 0 = -o*t + 208 + y. What is the units digit of t?
5
What is the tens digit of (-4)/34 - (-